{"id":61,"date":"2020-01-23T18:21:52","date_gmt":"2020-01-23T18:21:52","guid":{"rendered":"https:\/\/demosites.io\/web-agency-gb\/?page_id=61"},"modified":"2024-10-28T11:53:46","modified_gmt":"2024-10-28T11:53:46","slug":"15c42-web-agency-gb-about-us","status":"publish","type":"page","link":"https:\/\/www.hornetproyectos.es\/index.php\/15c42-web-agency-gb-about-us\/","title":{"rendered":"Sobre Nosotros"},"content":{"rendered":"\n<div class=\"wp-block-cover alignfull\" style=\"min-height:245px;aspect-ratio:unset;\"><span aria-hidden=\"true\" class=\"wp-block-cover__background has-nv-site-bg-background-color has-background-dim-100 has-background-dim\"><\/span><div class=\"wp-block-cover__inner-container is-layout-flow wp-block-cover-is-layout-flow\">\n<h1 class=\"wp-block-heading has-text-align-left has-nv-c-1-color has-text-color\">Sobre Nosotros<\/h1>\n<\/div><\/div>\n\n\n\n<div class=\"wp-block-cover alignfull\" style=\"min-height:600px;aspect-ratio:unset;\"><span aria-hidden=\"true\" class=\"wp-block-cover__background has-nv-light-bg-background-color has-background-dim-100 has-background-dim\"><\/span><div class=\"wp-block-cover__inner-container is-layout-flow wp-block-cover-is-layout-flow\">\n<div class=\"wp-block-group\"><div class=\"wp-block-group__inner-container is-layout-flow wp-block-group-is-layout-flow\">\n<div style=\"height:80px\" aria-hidden=\"true\" class=\"wp-block-spacer\"><\/div>\n\n\n\n<div class=\"wp-block-columns are-vertically-aligned-center animated fadeInLeft has-neve-text-color-color has-text-color is-layout-flex wp-container-core-columns-is-layout-1 wp-block-columns-is-layout-flex\">\n<div class=\"wp-block-column is-vertically-aligned-center is-layout-flow wp-block-column-is-layout-flow\" style=\"flex-basis:50%\">\n<figure class=\"wp-block-image size-large\"><img fetchpriority=\"high\" decoding=\"async\" width=\"600\" height=\"600\" src=\"https:\/\/mlbr4v539ku9.i.optimole.com\/w:auto\/h:auto\/q:mauto\/ig:avif\/http:\/\/www.hornetproyectos.es\/wp-content\/uploads\/2020\/01\/neve-web-design-bg-09.jpg\" alt=\"\" class=\"wp-image-36\" srcset=\"https:\/\/mlbr4v539ku9.i.optimole.com\/w:auto\/h:auto\/q:mauto\/ig:avif\/https:\/\/www.hornetproyectos.es\/wp-content\/uploads\/2020\/01\/neve-web-design-bg-09.jpg 600w, https:\/\/mlbr4v539ku9.i.optimole.com\/w:300\/h:300\/q:mauto\/rt:fill\/g:ce\/ig:avif\/https:\/\/www.hornetproyectos.es\/wp-content\/uploads\/2020\/01\/neve-web-design-bg-09.jpg 300w, https:\/\/mlbr4v539ku9.i.optimole.com\/w:150\/h:150\/q:mauto\/rt:fill\/g:ce\/ig:avif\/https:\/\/www.hornetproyectos.es\/wp-content\/uploads\/2020\/01\/neve-web-design-bg-09.jpg 150w\" sizes=\"(max-width: 600px) 100vw, 600px\" \/><\/figure>\n<\/div>\n\n\n\n<div class=\"wp-block-column is-vertically-aligned-center is-layout-flow wp-block-column-is-layout-flow\" style=\"flex-basis:50%\">\n<h2 class=\"wp-block-heading has-nv-c-1-color has-text-color\">Quienes somos?<\/h2>\n\n\n\n<hr class=\"wp-block-separator has-text-color has-nv-light-bg-color has-alpha-channel-opacity has-nv-light-bg-background-color has-background is-style-default\"\/>\n\n\n\n<p>Hornet Proyectos es una empresa joven, pero con amplia <strong><em>experiencia<\/em><\/strong> en todo tipo de proyectos t\u00e9cnicos de Arquitectura e Ingenier\u00eda.\u00a0<\/p>\n\n\n\n<p>Nuestro equipo est\u00e1 formado por profesionales <strong><em>especializados<\/em><\/strong> en diferentes \u00e1reas t\u00e9cnicas, lo que nos permite desarrollar proyectos para empresas y particulares, acompa\u00f1\u00e1ndolos desde la idea inicial hasta la entrega de los espacios.<\/p>\n\n\n\n<p>En Hornet Proyectos buscamos la <strong><em>excelencia<\/em><\/strong> bas\u00e1ndonos en el trabajo en equipo, la planificaci\u00f3n y nuestra dedicaci\u00f3n en todas las fases. Dise\u00f1amos, ejecutamos y garantizamos profesionalidad en todos nuestros entornos de trabajo.<\/p>\n\n\n\n<p>Estamos<em> <\/em><strong><em>comprometidos<\/em><\/strong> con nuestros clientes y nos responsabilizamos de todos los procesos y servicios que realizamos durante el dise\u00f1o, redacci\u00f3n y ejecuci\u00f3n de cualquier proyecto.<\/p>\n\n\n\n<p><\/p>\n<\/div>\n<\/div>\n\n\n\n<div style=\"height:40px\" aria-hidden=\"true\" class=\"wp-block-spacer\"><\/div>\n<\/div><\/div>\n<\/div><\/div>\n\n\n\n<div class=\"wp-block-cover alignfull\" style=\"min-height:600px;aspect-ratio:unset;\"><span aria-hidden=\"true\" class=\"wp-block-cover__background has-nv-light-bg-background-color has-background-dim-100 has-background-dim\"><\/span><div class=\"wp-block-cover__inner-container is-layout-flow wp-block-cover-is-layout-flow\">\n<div class=\"wp-block-uagb-separator uagb-block-97396207\"><div class=\"wp-block-uagb-separator__inner\" style=\"--my-background-image:\"><\/div><\/div>\n\n\n\n<h2 class=\"wp-block-heading has-text-align-center\"><mark style=\"background-color:rgba(0, 0, 0, 0)\" class=\"has-inline-color has-nv-c-1-color\">Nuestros valores<\/mark><\/h2>\n\n\n\n<div class=\"wp-block-columns are-vertically-aligned-center animated fadeInLeft has-neve-text-color-color has-text-color is-layout-flex wp-container-core-columns-is-layout-2 wp-block-columns-is-layout-flex\">\n<div class=\"wp-block-column is-layout-flow wp-block-column-is-layout-flow\">\n<h3 class=\"wp-block-heading has-text-align-center animated fadeInLeft\"><strong>CONSTANCIA Y HONESTIDAD.<\/strong><\/h3>\n\n\n\n<p class=\"has-text-align-center animated fadeInLeft\">La transparencia, la sinceridad y la apertura son valores que la ciudadan\u00eda de hoy no solo quiere para las empresas, sino que tambi\u00e9n las exige. Esto tiene que ver con utilizar la verdad y el sentido com\u00fan como herramientas para ganar confianza y credibilidad en el entorno.<\/p>\n<\/div>\n\n\n\n<div class=\"wp-block-column is-layout-flow wp-block-column-is-layout-flow\">\n<h3 class=\"wp-block-heading has-text-align-center animated fadeInLeft\"><strong>INNOVACI\u00d3N Y FUNCIONALIDAD.<\/strong><\/h3>\n\n\n\n<p class=\"has-text-align-center animated fadeInLeft\">Queremos ofrecer a nuestros clientes proyectos y productos innovadores con un dise\u00f1o atractivo y elegante sin olvidar la funcionalidad. Creemos que estos dos conceptos deben ir siempre de la mano para que la experiencia de usuario sea \u00f3ptima.<\/p>\n<\/div>\n<\/div>\n\n\n\n<div class=\"wp-block-columns is-layout-flex wp-container-core-columns-is-layout-3 wp-block-columns-is-layout-flex\">\n<div class=\"wp-block-column is-layout-flow wp-block-column-is-layout-flow\">\n<h3 class=\"wp-block-heading has-text-align-center animated fadeInLeft\"><mark style=\"background-color:rgba(0, 0, 0, 0)\" class=\"has-inline-color has-neve-text-color-color\">ORIENTACI\u00d3N AL CLIENTE.<\/mark><\/h3>\n\n\n\n<p class=\"has-text-align-center animated fadeInLeft\"><mark style=\"background-color:rgba(0, 0, 0, 0)\" class=\"has-inline-color has-neve-text-color-color\">Nos esforzamos constantemente por adaptarnos a las necesidades de nuestros clientes y poder ofrecerles una propuesta de valor. En Hornet, el cliente es la columna vertebral de la empresa, y nuestro \u00e9xito radica en la satisfacci\u00f3n del trabajo bien hecho.<\/mark><\/p>\n<\/div>\n\n\n\n<div class=\"wp-block-column is-layout-flow wp-block-column-is-layout-flow\">\n<h3 class=\"wp-block-heading has-text-align-center animated fadeInLeft\"><mark style=\"background-color:rgba(0, 0, 0, 0)\" class=\"has-inline-color has-neve-text-color-color\">TRABAJO EN EQUIPO.<\/mark><\/h3>\n\n\n\n<p class=\"has-text-align-center animated fadeInLeft\"><mark style=\"background-color:rgba(0, 0, 0, 0)\" class=\"has-inline-color has-neve-text-color-color\">La tolerancia, el respeto y la admiraci\u00f3n son las prioridades en nuestro equipo. Los valores de una empresa est\u00e1n ligados a los principios personales de sus miembros. Apostamos por los mejores profesionales para formar un equipo multidisciplinar y cooperativo.<\/mark><\/p>\n<\/div>\n<\/div>\n\n\n\n<div class=\"wp-block-uagb-separator uagb-block-7853df48\"><div class=\"wp-block-uagb-separator__inner\" style=\"--my-background-image:\"><\/div><\/div>\n<\/div><\/div>\n\n\n\n<div class=\"wp-block-cover alignfull\" style=\"min-height:600px;aspect-ratio:unset;\"><span aria-hidden=\"true\" class=\"wp-block-cover__background has-nv-light-bg-background-color has-background-dim-100 has-background-dim\"><\/span><div class=\"wp-block-cover__inner-container is-layout-flow wp-block-cover-is-layout-flow\">\n<div class=\"wp-block-uagb-separator uagb-block-e6a03f46\"><div class=\"wp-block-uagb-separator__inner\" style=\"--my-background-image:\"><\/div><\/div>\n\n\n\n<p class=\"has-text-align-center\"><em><mark style=\"background-color:rgba(0, 0, 0, 0)\" class=\"has-inline-color has-neve-text-color-color\">En <\/mark><\/em><strong><mark style=\"background-color:rgba(0, 0, 0, 0)\" class=\"has-inline-color has-neve-text-color-color\"><em>Hornet Proyectos <\/em><\/mark><\/strong><em><mark style=\"background-color:rgba(0, 0, 0, 0)\" class=\"has-inline-color has-neve-text-color-color\">creemos y apostamos por dar el <\/mark><\/em><strong><mark style=\"background-color:rgba(0, 0, 0, 0)\" class=\"has-inline-color has-neve-text-color-color\"><em>110%<\/em><\/mark><\/strong><em><mark style=\"background-color:rgba(0, 0, 0, 0)\" class=\"has-inline-color has-neve-text-color-color\">.\u00a0<\/mark><\/em><\/p>\n\n\n\n<p class=\"has-text-align-center\"><em><mark style=\"background-color:rgba(0, 0, 0, 0)\" class=\"has-inline-color has-neve-text-color-color\">Progresamos gracias a nuestro conocimiento del mercado y al excelente equipo de trabajo que hay detr\u00e1s de nuestros proyectos.\u00a0<\/mark><\/em><\/p>\n\n\n\n<p class=\"has-text-align-center\"><em><mark style=\"background-color:rgba(0, 0, 0, 0)\" class=\"has-inline-color has-neve-text-color-color\">Estamos comprometidos con nuestros clientes y\u00a0 asumimos la responsabilidad de todos los procesos y servicios que realizamos durante el dise\u00f1o, redacci\u00f3n y ejecuci\u00f3n de cualquier proyecto.<\/mark><\/em><\/p>\n<\/div><\/div>\n","protected":false},"excerpt":{"rendered":"","protected":false},"author":7,"featured_media":0,"parent":0,"menu_order":0,"comment_status":"closed","ping_status":"closed","template":"","meta":{"_uag_custom_page_level_css":"","neve_meta_sidebar":"default","neve_meta_container":"default","neve_meta_enable_content_width":"on","neve_meta_content_width":100,"neve_meta_title_alignment":"","neve_meta_author_avatar":"","neve_post_elements_order":"","neve_meta_disable_header":"","neve_meta_disable_footer":"","neve_meta_disable_title":"on","ngg_post_thumbnail":0,"_themeisle_gutenberg_block_has_review":false,"_ti_tpc_template_sync":false,"_ti_tpc_template_id":"eex7gnweb2m8vo93cr1g","footnotes":""},"uagb_featured_image_src":{"full":false,"thumbnail":false,"medium":false,"medium_large":false,"large":false,"PVGM_gallery_admin_thumb":false,"PVGM_gallery_admin_circle":false,"PVGM_gallery_admin_medium":false,"1536x1536":false,"2048x2048":false,"neve-blog":false},"uagb_author_info":{"display_name":"Alba S\u00e1nchez","author_link":"https:\/\/www.hornetproyectos.es\/index.php\/author\/alba\/"},"uagb_comment_info":0,"uagb_excerpt":null,"_links":{"self":[{"href":"https:\/\/www.hornetproyectos.es\/index.php\/wp-json\/wp\/v2\/pages\/61"}],"collection":[{"href":"https:\/\/www.hornetproyectos.es\/index.php\/wp-json\/wp\/v2\/pages"}],"about":[{"href":"https:\/\/www.hornetproyectos.es\/index.php\/wp-json\/wp\/v2\/types\/page"}],"author":[{"embeddable":true,"href":"https:\/\/www.hornetproyectos.es\/index.php\/wp-json\/wp\/v2\/users\/7"}],"replies":[{"embeddable":true,"href":"https:\/\/www.hornetproyectos.es\/index.php\/wp-json\/wp\/v2\/comments?post=61"}],"version-history":[{"count":12,"href":"https:\/\/www.hornetproyectos.es\/index.php\/wp-json\/wp\/v2\/pages\/61\/revisions"}],"predecessor-version":[{"id":744,"href":"https:\/\/www.hornetproyectos.es\/index.php\/wp-json\/wp\/v2\/pages\/61\/revisions\/744"}],"wp:attachment":[{"href":"https:\/\/www.hornetproyectos.es\/index.php\/wp-json\/wp\/v2\/media?parent=61"}],"curies":[{"name":"wp","href":"https:\/\/api.w.org\/{rel}","templated":true}]}}